s of 135051.
3, 7, 59, 109
What are the prime factors of 835?
5, 167
List the prime factors of 5382.
2, 3, 13, 23
List the prime factors of 171.
3, 19
What are the prime factors of 3564?
2, 3, 11
List the prime factors of 41690.
2, 5, 11, 379
What are the prime factors of 23977?
23977
What are the prime factors of 325?
5, 13
What are the prime factors of 191164?
2, 47791
What are the prime factors of 4664?
2, 11, 53
List the prime factors of 3279.
3, 1093
What are the prime factors of 15847?
13, 23, 53
List the prime factors of 8721.
3, 17, 19
List the prime factors of 2316.
2, 3, 193
List the prime factors of 13664.
2, 7, 61
What are the prime factors of 5444?
2, 1361
List the prime factors of 29923.
23, 1301
What are the prime factors of 888?
2, 3, 37
What are the prime factors of 1346?
2, 673
List the prime factors of 450.
2, 3, 5
List the prime factors of 747.
3, 83
List the prime factors of 329.
7, 47
List the prime factors of 28837.
28837
List the prime factors of 5889.
3, 13, 151
What are the prime factors of 20397?
3, 13, 523
List the prime factors of 4286.
2, 2143
What are the prime factors of 2891?
7, 59
What are the prime factors of 1176?
2, 3, 7
What are the prime factors of 28812?
2, 3, 7
What are the prime factors of 2201?
31, 71
What are the prime factors of 1158?
2, 3, 193
What are the prime factors of 2459?
2459
What are the prime factors of 783?
3, 29
What are the prime factors of 1607?
1607
List the prime factors of 2089.
2089
What are the prime factors of 1026?
2, 3, 19
List the prime factors of 1154.
2, 577
What are the prime factors of 43?
43
What are the prime factors of 1730?
2, 5, 173
What are the prime factors of 3745?
5, 7, 107
List the prime factors of 1820.
2, 5, 7, 13
List the prime factors of 7831.
41, 191
List the prime factors of 721.
7, 103
List the prime factors of 7835.
5, 1567
What are the prime factors of 1591?
37, 43
What are the prime factors of 4849?
13, 373
What are the prime factors of 1968?
2, 3, 41
What are the prime factors of 41395?
5, 17, 487
List the prime factors of 1352.
2, 13
List the prime factors of 606.
2, 3, 101
What are the prime factors of 868?
2, 7, 31
What are the prime factors of 49?
7
What are the prime factors of 1705?
5, 11, 31
List the prime factors of 3442.
2, 1721
What are the prime factors of 1194?
2, 3, 199
What are the prime factors of 1818?
2, 3, 101
What are the prime factors of 2723?
7, 389
List the prime factors of 1273.
19, 67
What are the prime factors of 16971?
3, 5657
List the prime factors of 37886.
2, 19, 997
What are the prime factors of 4123?
7, 19, 31
List the prime factors of 11413.
101, 113
List the prime factors of 7901.
7901
List the prime factors of 458.
2, 229
What are the prime factors of 47597?
11, 4327
What are the prime factors of 29669?
29669
What are the prime factors of 191?
191
List the prime factors of 152181.
3, 37, 457
List the prime factors of 19583.
19583
List the prime factors of 85.
5, 17
What are the prime factors of 866?
2, 433
What are the prime factors of 9159?
3, 43, 71
What are the prime factors of 3206?
2, 7, 229
What are the prime factors of 39115?
5, 7823
List the prime factors of 27578.
2, 13789
What are the prime factors of 36158?
2, 101, 179
List the prime factors of 1280.
2, 5
What are the prime factors of 31447?
13, 41, 59
What are the prime factors of 5904?
2, 3, 41
List the prime factors of 2089.
2089
What are the prime factors of 4173?
3, 13, 107
List the prime factors of 42587.
37, 1151
What are the prime factors of 125054?
2, 31, 2017
List the prime factors of 2686.
2, 17, 79
List the prime factors of 11782.
2, 43, 137
What are the prime factors of 4878?
2, 3, 271
What are the prime factors of 8513?
8513
List the prime factors of 57543.
3, 19181
List the prime factors of 2406.
2, 3, 401
What are the prime factors of 20335?
5, 7, 83
List the prime factors of 12057.
3, 4019
List the prime factors of 62035.
5, 19, 653
What are the prime factors of 1623?
3, 541
What are the prime factors of 347?
347
What are the prime factors of 1597?
1597
List the prime factors of 17964.
2, 3, 499
What are the prime factors of 394?
2, 197
List the prime factors of 22330.
2, 5, 7, 11, 29
List the prime factors of 2766.
2, 3, 461
List the prime factors of 60086.
2, 13, 2311
What are the prime factors of 85255?
5, 17, 59
List the prime factors of 111585.
3, 5, 43, 173
List the prime factors of 576.
2, 3
List the prime factors of 10913.
7, 1559
List the prime factors of 1413.
3, 157
List the prime factors of 1979.
1979
List the prime factors of 73814.
2, 13, 17, 167
What are the prime factors of 3980?
2, 5, 199
What are the prime factors of 34060?
2, 5, 13, 131
What are the prime factors of 5409?
3, 601
List the prime factors of 909.
3, 101
What are the prime factors of 9278?
2, 4639
List the prime factors of 40252.
2, 29, 347
List the prime factors of 11135.
5, 17, 131
List the prime factors of 106292.
2, 26573
What are the prime factors of 19763?
19763
What are the prime factors of 2846?
2, 1423
List the prime factors of 4358.
2, 2179
What are the prime factors of 10871?
7, 1553
What are the prime factors of 16655?
5, 3331
List the prime factors of 888.
2, 3, 37
What are the prime factors of 16616?
2, 31, 67
List the prime factors of 3271.
3271
List the prime factors of 15087.
3, 47, 107
What are the prime factors of 19018?
2, 37, 257
List the prime factors of 2316.
2, 3, 193
What are the prime factors of 2959?
11, 269
List the prime factors of 1134.
2, 3, 7
What are the prime factors of 73586?
2, 36793
What are the prime factors of 32114?
2, 16057
What are the prime factors of 5279?
5279
What are the prime factors of 4704?
2, 3, 7
List the prime factors of 58991.
58991
List the prime factors of 5368.
2, 11, 61
What are the prime factors of 115116?
2, 3, 53, 181
List the prime factors of 23390.
2, 5, 2339
What are the prime factors of 12427?
17, 43
What are the prime factors of 2870?
2, 5, 7, 41
List the prime factors of 1076.
2, 269
List the prime factors of 63656.
2, 73, 109
What are the prime factors of 2123?
11, 193
List the prime factors of 1042.
2, 521
What are the prime factors of 378?
2, 3, 7
List the prime factors of 12390.
2, 3, 5, 7, 59
List the prime factors of 612.
2, 3, 17
List the prime factors of 35306.
2, 127, 139
What are the prime factors of 194?
2, 97
What are the prime factors of 23202?
2, 3, 1289
What are the prime factors of 964?
2, 241
What are the prime factors of 1017?
3, 113
What are the prime factors of 5773?
23, 251
List the prime factors of 4134.
2, 3, 13, 53
List the prime factors of 2297.
2297
List the prime factors of 4828.
2, 17, 71
What are the prime factors of 37519?
17, 2207
List the prime factors of 1622.
2, 811
What are the prime factors of 2158?
2, 13, 83
What are the prime factors of 74589?
3, 23, 47
List the prime factors of 3348.
2, 3, 31
List the prime factors of 8767.
11, 797
What are the prime factors of 1995?
3, 5, 7, 19
List the prime factors of 6497.
73, 89
What are the prime factors of 5955?
3, 5, 397
List the prime factors of 2677.
2677
What are the prime factors of 1081?
23, 47
What are the prime factors of 50649?
3, 16883
What are the prime factors of 44685?
3, 5, 331
List the prime factors of 5508.
2, 3, 17
List the prime factors of 4335.
3, 5, 17
What are the prime factors of 1425?
3, 5, 19
What are the prime factors of 130671?
3, 14519
List the prime factors of 1841.
7, 263
What are the prime factors of 16224?
2, 3, 13
What are the prime factors of 13986?
2, 3, 7, 37
What are the prime factors of 503?
503
What are the prime factors of 28046?
2, 37, 379
List the prime factors of 12441.
3, 11, 13, 29
What are the prime factors of 14468?
2, 3617
List the prime factors of 3472.
2, 7, 31
List the prime factors of 2546.
2, 19, 67
What are the prime factors of 2801?
2801
List the prime factors of 1173.
3, 17, 23
What are the prime factors of 935?
5, 11, 17
List the prime factors of 661.
661
List the prime factors of 14691.
3, 59, 83
List the prime factors of 6890.
2, 5, 13, 53
What are the prime factors of 3997?
7, 571
What are the prime factors of 2872?
2, 359
What are the prime factors of 9891?
3, 7, 157
List the prime factors of 1224.
2, 3, 17
What are the prime factors of 704?
2, 11
What